d = 7 - o. List the prime factors of d.
2
Suppose -12 - 3 = -3*m. Suppose -2*a + p - 4 = m*p, 23 = a - 3*p. Suppose -4*l = -a - 0. List the prime factors of l.
2
Let y = -2 - -2. Suppose y*o = f + 2*o - 10, -4*f + 40 = 5*o. List the prime factors of f.
2, 5
Suppose 0 = w - 3*w + 56. Suppose 54 + 72 = 3*x. Let q = x - w. What are the prime factors of q?
2, 7
Let p be 303/12 + 2/(-8). Let x = p + 14. What are the prime factors of x?
3, 13
Let t = -49 - -76. List the prime factors of t.
3
Suppose 2*v = -v - b - 52, v - b + 20 = 0. List the prime factors of (-3)/v + (-231)/(-18).
13
Suppose 3*g - p - 2*p = 21, -4*g = p - 8. Let n be -2*g/((-6)/7). What are the prime factors of -2 + 2 + n + -1?
2, 3
Let f = -152 - -365. List the prime factors of f.
3, 71
Let q(o) = -42*o**2 - 7*o + 6. Let i(a) = 83*a**2 + 13*a - 11. Let t(l) = 6*i(l) + 11*q(l). List the prime factors of t(1).
37
Let o(p) be the second derivative of -p**5/20 - p**4/12 - p**3/6 + 6*p**2 - 2*p. Suppose -k + 12 = 2*k, 2*b - 2*k = -8. List the prime factors of o(b).
2, 3
Let i(t) be the first derivative of t**2/2 - 2*t - 2. Let w be i(6). Suppose u - w = 0, v = -v + 3*u + 12. What are the prime factors of v?
2, 3
Suppose -5*g + 383 = -397. What are the prime factors of g?
2, 3, 13
Let i = 491 + -184. What are the prime factors of i?
307
Let t(h) be the third derivative of h**5/10 - h**4/24 - h**3/3 - h**2. Let u be t(-2). Suppose -c + y + 8 = 4, 5*c = y + u. List the prime factors of c.
5
Let t = 39 - -7. What are the prime factors of t?
2, 23
Let i = 138 - 81. What are the prime factors of i?
3, 19
Suppose -11 = -i + 3*j, -4*i - j - 9 = i. Let y = i - -4. List the prime factors of y.
3
Suppose 0 = -y - 1 - 5. Let p = y + 9. Suppose 3*j - 31 = -5*c, 5*c - 4*j = p*c + 28. List the prime factors of c.
2
Let r be 0*(2 - (-6)/(-4)). Let p be r + (-1)/(-2)*10. Let w = 9 - p. What are the prime factors of w?
2
Suppose -14*a - 20 = -15*a. List the prime factors of a.
2, 5
Suppose r = 3*k - 2*r - 186, 5*r = 3*k - 176. List the prime factors of k.
67
Let d = 53 + -32. Let q = -15 + d. List the prime factors of q.
2, 3
Let n(v) = -v**3 - v + 22. Let t be n(0). Suppose 17 + t = 3*c. What are the prime factors of c?
13
Let s be 2/6 - (-10)/6. Let r = 9 - s. Suppose -2*l = -3 - r. What are the prime factors of l?
5
What are the prime factors of 11/(1 - 55/60)?
2, 3, 11
Suppose -4*w - 4*a - 4 = 0, 11 = 3*w - 3*a - 16. Suppose 0 = -2*l + 4*q + w, -q - 2*q = -3*l + 9. Suppose -l = -g + 1. What are the prime factors of g?
5
Let c(k) = k**3 - 5*k**2 - 5*k - 3. Let s be c(6). Let h(y) be the third derivative of y**4/6 - y**3/3 + 10*y**2. List the prime factors of h(s).
2, 5
Suppose w = -3 - 2. Let l = 1 - w. List the prime factors of l.
2, 3
Let t = 6 - 7. Let q(a) = 20*a**2 - 1. List the prime factors of q(t).
19
Let m(k) be the second derivative of -k**5/20 - k**3/2 + k**2 + 2*k. Let s be m(2). Let y = s - -20. List the prime factors of y.
2
Let f(t) = -t**3 + t**2 - 5*t - 2. Let s be f(-4). Suppose 4*u + 42 = 2*c, -4*c - 14 + s = -3*u. What are the prime factors of c?
3, 7
Let a(q) = -q + 4. Let y be a(5). What are the prime factors of 1/2*(-14)/y?
7
Suppose 8*k - 1175 - 57 = 0. List the prime factors of k.
2, 7, 11
Let n(w) = -w - 12. Let u be 0 - -1 - (-5 - 1). Let k(q) = -2*q - 24. Let x(a) = u*n(a) - 4*k(a). What are the prime factors of x(0)?
2, 3
Let d be (6/(-9))/((-1)/129). Suppose 0 = -4*a + d + 22. What are the prime factors of a?
3
Let a = 13 - -3. List the prime factors of a.
2
Let v be (0 - -2)*5/(-2). List the prime factors of (v/(-1))/1 + -1.
2
Let c be 28/2 - 2/1. Suppose 5*p + 0*o = -4*o - c, o = -4*p - 3. Suppose -2*z = -3*a + 2, -z - 4*a + 16 + 5 = p. List the prime factors of z.
5
Let l = -19 + 183. Suppose 0 = -7*n + 3*n + l. List the prime factors of n.
41
Let h be (-2)/4 - 7/(-2). Suppose 0 = 4*w - 0*w - 8. Let o = w + h. What are the prime factors of o?
5
Let o = 133 + -96. What are the prime factors of o?
37
Let s be (21/(-14))/(6/(-44)). Let k = s + -3. List the prime factors of k.
2
Let b = -352 + 549. List the prime factors of b.
197
Let b(d) = -d**3 + 9*d**2 - 9*d + 7. Let f be b(8). Let s(m) = 37*m**2 + 2*m + 2. List the prime factors of s(f).
37
Let h(x) = x**3 + 4*x**2 - 3*x - 6. What are the prime factors of h(-4)?
2, 3
Suppose 0 = 4*i - 24 + 76. Let p = i - -23. What are the prime factors of p?
2, 5
Let k be (-4)/(-26) + 24/13. Suppose -3*n = -k*n - 3. What are the prime factors of n?
3
Let f = 348 - 231. What are the prime factors of f?
3, 13
Suppose -1 = 3*s - 16. Suppose 5*v - 17 = -2*i, -i + 0*i = -v - s. Suppose 2*q - 1 = 3*a - 7, 0 = -3*a - q + i. What are the prime factors of a?
2
Suppose 0 = -2*n - s + 52, -n - 5*s - 1 = -9. List the prime factors of n.
2, 7
Let d = -71 - -127. Suppose 6*s = 2*s + d. What are the prime factors of s?
2, 7
Suppose 5*z = -o - 26, -4*o = -5*z + 3*z - 28. Let y be 0*(-3)/z - -3. Suppose -5*v = 4*p - 3*p - 108, -5*v = -y*p - 116. What are the prime factors of v?
2, 11
Let s = 53 + -18. What are the prime factors of s?
5, 7
Let a be (-3)/6 - 3/6. List the prime factors of (3 + -3)/a - -2.
2
Let w(f) = 5*f**2 - 12*f - 13. Let o(k) = -k**2 + 1. Let z(y) = 6*o(y) + w(y). List the prime factors of z(-11).
2
Let v = -41 - -53. What are the prime factors of v?
2, 3
Let o = -30 - -21. Let c = 6 - o. List the prime factors of c.
3, 5
Let y(d) = -d**3 + d**2 + d + 187. What are the prime factors of y(0)?
11, 17
Suppose 2*w = -5*w + 1757. What are the prime factors of w?
251
Let i(j) = -j**2 - j + 2. Let d be i(0). Suppose -7*x = -3*x - 96. Suppose t = -d*k + x, -2*k + 2*t - 5 = -29. What are the prime factors of k?
2, 3
Let h(z) be the second derivative of -z**3 + z**2 + z. What are the prime factors of h(-2)?
2, 7
Let y(x) = 4*x**2 - 2*x. Suppose 5*g = 5*s - 10, -s + 2*g - 22 = 7*g. Let v be y(s). Suppose -w + v = 3*w. What are the prime factors of w?
5
List the prime factors of (177 + 25)*(-2)/(-4).
101
Let m = 9 + -1. Let h = m + 15. Let d = h - 15. List the prime factors of d.
2
Suppose 0*c + 289 = 2*t - 3*c, -3*t = c - 428. List the prime factors of t.
11, 13
Let z = 18 + -13. Suppose -6 = -2*r - z*y, 1 = 3*r - 3*y + 13. Let l = 5 + r. List the prime factors of l.
3
What are the prime factors of (-896)/(-21)*(-6)/(-4)?
2
Suppose 2*f + 4*r + 30 = 0, -16 + 76 = -4*f - 4*r. Let g = f - -40. List the prime factors of g.
5
Let f(g) = g + 24. List the prime factors of f(-10).
2, 7
Let o(j) = 7*j - 3*j - 6*j**3 + j**3 - j**2 + 4. Let l(a) = -a**3 + a**2 + a. Let s(v) = -4*l(v) + o(v). What are the prime factors of s(-5)?
2
Let v(m) = 36*m**2 - m. Let r be v(1). Suppose -4*y + r = -21. List the prime factors of y.
2, 7
Let t = 44 - 8. List the prime factors of t.
2, 3
List the prime factors of 17 - (3 + (-1 - 0)).
3, 5
Let s = 3 - -2. List the prime factors of s.
5
Suppose 430 = -0*m + 5*m. What are the prime factors of m?
2, 43
Let u be (-3)/((-6)/26) + 0. Let l be (-3)/2 + (-2)/4. List the prime factors of 2*(u - (-6)/l).
2, 5
Let w = 40 + -28. Let m be ((-31)/(-3))/((-2)/w). What are the prime factors of m/(-6) - 4/(-6)?
11
Suppose 4*a + 34 - 154 = 0. What are the prime factors of a?
2, 3, 5
Let h(z) = z + 9. Let n be h(-8). What are the prime factors of n + -3*20/(-6)?
11
Let r(t) = -t**2 - 5*t + 7. Suppose 2*o - 3*w + 8 = 3*o, -4*o = -4*w - 16. Suppose o*f - 3*f = -10. List the prime factors of r(f).
7
Let u = 360 - 224. What are the prime factors of u?
2, 17
Suppose 3*s = -5*j + 1, s - 6 = -3*s - 2*j. Let a be (s + -2 + -1)/1. What are the prime factors of (-183)/(-15) - a/(-5)?
2, 3
Let d be (1 - 3)/((-1)/2). Let g be -2*(-3)/d*-2. Let b = g - -11. List the prime factors of b.
2
Let n be 2/(-5) + (-492)/(-30). Suppose m - n = 6. List the prime factors of m.
2, 11
Let u be ((-4)/(-6))/((-8)/(-48)). Suppose u*r + 11 - 3 = 0, -f = -r - 3. What are the prime factors of -10*(6/(-4))/f?
3, 5
Let d be (25/20)/((-2)/(-32)). Suppose 2*u + d = 4*u. What are the prime factors of u?
2, 5
Suppose -g - 4*l = -3 - 49, -3*l = -5*g + 352. What are the prime factors of g?
2, 17
Let d(b) = -4 + 6 - 6 - b. List the prime factors of d(-9).
5
What are the prime factors of (-8)/(-3*2/12)?
2
Suppose v = 1 - 12. Let p be 31/11 + (-2)/v. Suppose -p*w - 5 = -38